st common factor of 10800 and 1276128?
432
What is the greatest common factor of 5831 and 79718933?
833
Calculate the greatest common factor of 41972 and 322.
14
Calculate the greatest common divisor of 25586 and 90816.
22
What is the greatest common divisor of 275352 and 253176?
1848
What is the highest common divisor of 474329225 and 2830?
1415
Calculate the greatest common factor of 33 and 45726549.
33
What is the highest common divisor of 1689 and 173252553?
1689
What is the highest common factor of 5000 and 219616?
8
What is the highest common factor of 3980 and 5971791?
199
What is the greatest common divisor of 18 and 297833?
1
What is the greatest common divisor of 336375 and 1019889?
2691
What is the highest common factor of 59679960 and 13150?
2630
Calculate the greatest common factor of 69 and 150883197.
69
Calculate the highest common divisor of 1190 and 70557480.
1190
Calculate the highest common divisor of 4140 and 28161315.
1035
What is the greatest common divisor of 692989 and 15540041?
9493
What is the greatest common divisor of 5016 and 36344264?
1672
Calculate the greatest common factor of 8825 and 262279.
353
What is the highest common factor of 4543 and 577752?
7
What is the highest common factor of 4854747 and 114?
57
Calculate the highest common factor of 47116328 and 46.
46
What is the highest common factor of 770321 and 113?
113
What is the highest common divisor of 374 and 123618?
22
Calculate the greatest common divisor of 122600 and 2033000.
200
Calculate the highest common factor of 42450 and 190596255.
4245
Calculate the highest common divisor of 751 and 1368958097.
751
What is the highest common divisor of 6 and 32187216?
6
Calculate the highest common factor of 88 and 14235196.
4
Calculate the highest common divisor of 27587 and 253913.
563
What is the greatest common factor of 21944 and 5940494?
422
Calculate the greatest common divisor of 12456 and 108855752.
1384
Calculate the highest common factor of 325655757 and 153.
153
Calculate the greatest common factor of 2881 and 760249.
67
Calculate the highest common divisor of 1243 and 302128326.
113
What is the greatest common divisor of 3429240 and 451?
41
Calculate the greatest common divisor of 11684 and 1513840.
508
What is the highest common factor of 361471 and 167926?
187
What is the highest common divisor of 4337832 and 859368?
1464
Calculate the greatest common factor of 1740 and 283987140.
1740
What is the greatest common divisor of 80919 and 3655341?
999
Calculate the highest common factor of 17835 and 1799305.
145
Calculate the highest common divisor of 202308 and 4200.
12
Calculate the highest common divisor of 14082234 and 94.
94
Calculate the greatest common divisor of 12310 and 8700.
10
What is the highest common factor of 9202 and 117734?
86
What is the highest common factor of 2 and 80988114?
2
What is the greatest common divisor of 11685713 and 68174?
383
What is the highest common divisor of 853980 and 295410?
1290
Calculate the greatest common divisor of 21823 and 25993.
139
What is the greatest common divisor of 810449 and 7648?
239
Calculate the highest common factor of 747202 and 158456.
1366
Calculate the greatest common factor of 690 and 834780.
30
Calculate the highest common factor of 2075 and 231858425.
2075
Calculate the highest common factor of 262884 and 186257.
19
Calculate the highest common divisor of 2438 and 625718.
106
What is the highest common divisor of 21116774 and 42?
14
What is the greatest common divisor of 13549458 and 25474?
542
What is the greatest common divisor of 3366 and 56052315?
1683
Calculate the greatest common factor of 604565 and 5730595.
8515
What is the highest common factor of 462 and 14857722?
66
Calculate the highest common divisor of 391 and 25907660.
391
What is the highest common factor of 920 and 661204?
92
What is the greatest common factor of 371 and 209380157?
371
What is the greatest common divisor of 315 and 259993335?
105
What is the highest common factor of 15223 and 30524?
13
What is the greatest common factor of 13486 and 114202?
22
What is the highest common divisor of 9718 and 24467?
43
Calculate the highest common divisor of 1097046 and 878274.
1062
What is the highest common factor of 2078 and 10890798?
2078
Calculate the highest common factor of 61 and 82257219.
61
Calculate the highest common factor of 72425361 and 1098.
183
Calculate the greatest common divisor of 3213880 and 120.
40
Calculate the highest common divisor of 17315409 and 426.
213
What is the greatest common divisor of 344 and 3605722?
86
What is the greatest common divisor of 97149 and 385071?
141
Calculate the greatest common factor of 21 and 18830742.
21
What is the greatest common factor of 75485 and 49600?
155
What is the highest common factor of 13395 and 618122991?
2679
Calculate the greatest common divisor of 28914 and 2997102.
474
Calculate the greatest common factor of 516274808 and 7.
7
What is the greatest common factor of 305 and 26885201?
61
Calculate the highest common divisor of 1200880 and 12682.
34
Calculate the highest common divisor of 7662040 and 1480.
40
Calculate the highest common factor of 2882462 and 4246.
22
What is the greatest common divisor of 113503014 and 1278?
1278
What is the highest common divisor of 1533 and 50984514?
1533
Calculate the greatest common factor of 6227251 and 3101.
443
Calculate the highest common divisor of 983454983 and 3878.
1939
Calculate the highest common divisor of 156 and 22198436.
52
Calculate the highest common factor of 481729796 and 5588.
508
What is the highest common divisor of 429 and 770052569?
143
What is the greatest common divisor of 4506139 and 323?
17
What is the greatest common factor of 239911407 and 41544?
5193
What is the highest common factor of 2592 and 371744?
32
Calculate the greatest common divisor of 580 and 1345020.
580
What is the greatest common factor of 28 and 5564510?
14
Calculate the highest common divisor of 2499104 and 11432.
8
What is the greatest common divisor of 12389089 and 30917?
719
What is the greatest common divisor of 11517 and 22605?
33
Calculate the greatest common factor of 104403 and 11427.
39
What is the greatest common factor of 3237728 and 832?
416
Calculate the highest common divisor of 7031456 and 23200.
928
What is the highest common factor of 339162 and 198?
6
Calculate the greatest common factor of 531225 and 237330.
135
Calculate the greatest common factor of 2521350 and 280.
10
Calculate the highest common factor of 1043 and 2401.
7
Calculate the highest common factor of 7747 and 1731607.
61
Calculate the greatest common divisor of 81 and 978521823.
27
What is the greatest common divisor of 5159 and 3117443?
469
What is the highest common factor of 49541161 and 516331?
5323
Calculate the greatest common factor of 108320 and 30440.
40
What is the highest common divisor of 761716 and 5724?
212
Calculate the highest common factor of 60 and 71294532.
12
What is the greatest common factor of 281148 and 224?
28
What is the highest common factor of 10445195 and 25?
5
Calculate the highest common factor of 1981974 and 78.
6
What is the greatest common factor of 183533 and 3857?
7
Calculate the greatest common divisor of 1533471 and 912.
57
What is the highest common divisor of 17309995 and 13940?
3485
What is the greatest common factor of 3472 and 80433344?
496
Calculate the highest common divisor of 17022468 and 38385.
2559
What is the highest common divisor of 2804850 and 30623?
271
What is the highest common divisor of 221154849 and 23139?
7713
What is the highest common divisor of 6241964 and 5900?
236
Calculate the highest common divisor of 3245 and 10281045.
295
What is the highest common factor of 104934836 and 39704?
2836
Calculate the greatest common factor of 392250 and 10.
10
What is the highest common factor of 9 and 913489839?
9
Calculate the highest common factor of 7421 and 8759133.
181
Calculate the greatest common divisor of 12 and 99974778.
6
What is the greatest common factor of 810 and 1037016270?
810
What is the greatest common factor of 850109 and 11219?
13
What is the greatest common divisor of 26770481 and 10927?
223
What is the highest common divisor of 214321305 and 132?
33
What is 